{"id":37,"date":"2014-04-05T12:21:47","date_gmt":"2014-04-05T12:21:47","guid":{"rendered":"http:\/\/themecanon.com\/themes\/trades\/?page_id=37"},"modified":"2025-12-16T22:16:30","modified_gmt":"2025-12-16T22:16:30","slug":"home","status":"publish","type":"page","link":"https:\/\/restaurantesaborcomarte.com.br\/site\/","title":{"rendered":"Home"},"content":{"rendered":"","protected":false},"excerpt":{"rendered":"","protected":false},"author":1,"featured_media":0,"parent":0,"menu_order":0,"comment_status":"open","ping_status":"closed","template":"page-pagebuilder.php","meta":{"ngg_post_thumbnail":0,"_joinchat":[],"footnotes":""},"class_list":["post-37","page","type-page","status-publish","hentry"],"yoast_head":"<!-- This site is optimized with the Yoast SEO plugin v21.9 - https:\/\/yoast.com\/wordpress\/plugins\/seo\/ -->\n<title>Restaurante Sabor com Arte - S\u00e3o Bento do Sapuca\u00ed - SP<\/title>\n<meta name=\"description\" content=\"Localizado em S\u00e3o Bento do Sapuca\u00ed - SP, com vista privilegiada da Pedra do Ba\u00fa, conhecidos pela famosa Truta Flambada. Buffet cobrado por pessoa. Conhe\u00e7a!\" \/>\n<meta name=\"robots\" content=\"index, follow, max-snippet:-1, max-image-preview:large, max-video-preview:-1\" \/>\n<link rel=\"canonical\" href=\"https:\/\/restaurantesaborcomarte.com.br\/site\/\" \/>\n<meta property=\"og:locale\" content=\"pt_BR\" \/>\n<meta property=\"og:type\" content=\"article\" \/>\n<meta property=\"og:title\" content=\"Restaurante Sabor com Arte - S\u00e3o Bento do Sapuca\u00ed - SP\" \/>\n<meta property=\"og:description\" content=\"Localizado em S\u00e3o Bento do Sapuca\u00ed - SP, com vista privilegiada da Pedra do Ba\u00fa, conhecidos pela famosa Truta Flambada. Buffet cobrado por pessoa. Conhe\u00e7a!\" \/>\n<meta property=\"og:url\" content=\"https:\/\/restaurantesaborcomarte.com.br\/site\/\" \/>\n<meta property=\"og:site_name\" content=\"Restaurante Sabor com Arte\" \/>\n<meta property=\"article:modified_time\" content=\"2025-12-16T22:16:30+00:00\" \/>\n<meta name=\"twitter:card\" content=\"summary_large_image\" \/>\n<meta name=\"twitter:label1\" content=\"Est. tempo de leitura\" \/>\n\t<meta name=\"twitter:data1\" content=\"1 minuto\" \/>\n<script type=\"application\/ld+json\" class=\"yoast-schema-graph\">{\"@context\":\"https:\/\/schema.org\",\"@graph\":[{\"@type\":\"WebPage\",\"@id\":\"https:\/\/restaurantesaborcomarte.com.br\/site\/\",\"url\":\"https:\/\/restaurantesaborcomarte.com.br\/site\/\",\"name\":\"Restaurante Sabor com Arte - S\u00e3o Bento do Sapuca\u00ed - SP\",\"isPartOf\":{\"@id\":\"https:\/\/restaurantesaborcomarte.com.br\/site\/#website\"},\"datePublished\":\"2014-04-05T12:21:47+00:00\",\"dateModified\":\"2025-12-16T22:16:30+00:00\",\"description\":\"Localizado em S\u00e3o Bento do Sapuca\u00ed - SP, com vista privilegiada da Pedra do Ba\u00fa, conhecidos pela famosa Truta Flambada. Buffet cobrado por pessoa. Conhe\u00e7a!\",\"breadcrumb\":{\"@id\":\"https:\/\/restaurantesaborcomarte.com.br\/site\/#breadcrumb\"},\"inLanguage\":\"pt-BR\",\"potentialAction\":[{\"@type\":\"ReadAction\",\"target\":[\"https:\/\/restaurantesaborcomarte.com.br\/site\/\"]}]},{\"@type\":\"BreadcrumbList\",\"@id\":\"https:\/\/restaurantesaborcomarte.com.br\/site\/#breadcrumb\",\"itemListElement\":[{\"@type\":\"ListItem\",\"position\":1,\"name\":\"In\u00edcio\",\"item\":\"https:\/\/restaurantesaborcomarte.com.br\/site\/\"},{\"@type\":\"ListItem\",\"position\":2,\"name\":\"Home\"}]},{\"@type\":\"WebSite\",\"@id\":\"https:\/\/restaurantesaborcomarte.com.br\/site\/#website\",\"url\":\"https:\/\/restaurantesaborcomarte.com.br\/site\/\",\"name\":\"Restaurante Sabor com Arte\",\"description\":\"S\u00e3o Bento do Sapuca\u00ed\",\"potentialAction\":[{\"@type\":\"SearchAction\",\"target\":{\"@type\":\"EntryPoint\",\"urlTemplate\":\"https:\/\/restaurantesaborcomarte.com.br\/site\/?s={search_term_string}\"},\"query-input\":\"required name=search_term_string\"}],\"inLanguage\":\"pt-BR\"}]}<\/script>\n<!-- \/ Yoast SEO plugin. -->","yoast_head_json":{"title":"Restaurante Sabor com Arte - S\u00e3o Bento do Sapuca\u00ed - SP","description":"Localizado em S\u00e3o Bento do Sapuca\u00ed - SP, com vista privilegiada da Pedra do Ba\u00fa, conhecidos pela famosa Truta Flambada. Buffet cobrado por pessoa. Conhe\u00e7a!","robots":{"index":"index","follow":"follow","max-snippet":"max-snippet:-1","max-image-preview":"max-image-preview:large","max-video-preview":"max-video-preview:-1"},"canonical":"https:\/\/restaurantesaborcomarte.com.br\/site\/","og_locale":"pt_BR","og_type":"article","og_title":"Restaurante Sabor com Arte - S\u00e3o Bento do Sapuca\u00ed - SP","og_description":"Localizado em S\u00e3o Bento do Sapuca\u00ed - SP, com vista privilegiada da Pedra do Ba\u00fa, conhecidos pela famosa Truta Flambada. Buffet cobrado por pessoa. Conhe\u00e7a!","og_url":"https:\/\/restaurantesaborcomarte.com.br\/site\/","og_site_name":"Restaurante Sabor com Arte","article_modified_time":"2025-12-16T22:16:30+00:00","twitter_card":"summary_large_image","twitter_misc":{"Est. tempo de leitura":"1 minuto"},"schema":{"@context":"https:\/\/schema.org","@graph":[{"@type":"WebPage","@id":"https:\/\/restaurantesaborcomarte.com.br\/site\/","url":"https:\/\/restaurantesaborcomarte.com.br\/site\/","name":"Restaurante Sabor com Arte - S\u00e3o Bento do Sapuca\u00ed - SP","isPartOf":{"@id":"https:\/\/restaurantesaborcomarte.com.br\/site\/#website"},"datePublished":"2014-04-05T12:21:47+00:00","dateModified":"2025-12-16T22:16:30+00:00","description":"Localizado em S\u00e3o Bento do Sapuca\u00ed - SP, com vista privilegiada da Pedra do Ba\u00fa, conhecidos pela famosa Truta Flambada. Buffet cobrado por pessoa. Conhe\u00e7a!","breadcrumb":{"@id":"https:\/\/restaurantesaborcomarte.com.br\/site\/#breadcrumb"},"inLanguage":"pt-BR","potentialAction":[{"@type":"ReadAction","target":["https:\/\/restaurantesaborcomarte.com.br\/site\/"]}]},{"@type":"BreadcrumbList","@id":"https:\/\/restaurantesaborcomarte.com.br\/site\/#breadcrumb","itemListElement":[{"@type":"ListItem","position":1,"name":"In\u00edcio","item":"https:\/\/restaurantesaborcomarte.com.br\/site\/"},{"@type":"ListItem","position":2,"name":"Home"}]},{"@type":"WebSite","@id":"https:\/\/restaurantesaborcomarte.com.br\/site\/#website","url":"https:\/\/restaurantesaborcomarte.com.br\/site\/","name":"Restaurante Sabor com Arte","description":"S\u00e3o Bento do Sapuca\u00ed","potentialAction":[{"@type":"SearchAction","target":{"@type":"EntryPoint","urlTemplate":"https:\/\/restaurantesaborcomarte.com.br\/site\/?s={search_term_string}"},"query-input":"required name=search_term_string"}],"inLanguage":"pt-BR"}]}},"_links":{"self":[{"href":"https:\/\/restaurantesaborcomarte.com.br\/site\/wp-json\/wp\/v2\/pages\/37","targetHints":{"allow":["GET"]}}],"collection":[{"href":"https:\/\/restaurantesaborcomarte.com.br\/site\/wp-json\/wp\/v2\/pages"}],"about":[{"href":"https:\/\/restaurantesaborcomarte.com.br\/site\/wp-json\/wp\/v2\/types\/page"}],"author":[{"embeddable":true,"href":"https:\/\/restaurantesaborcomarte.com.br\/site\/wp-json\/wp\/v2\/users\/1"}],"replies":[{"embeddable":true,"href":"https:\/\/restaurantesaborcomarte.com.br\/site\/wp-json\/wp\/v2\/comments?post=37"}],"version-history":[{"count":4,"href":"https:\/\/restaurantesaborcomarte.com.br\/site\/wp-json\/wp\/v2\/pages\/37\/revisions"}],"predecessor-version":[{"id":2766,"href":"https:\/\/restaurantesaborcomarte.com.br\/site\/wp-json\/wp\/v2\/pages\/37\/revisions\/2766"}],"wp:attachment":[{"href":"https:\/\/restaurantesaborcomarte.com.br\/site\/wp-json\/wp\/v2\/media?parent=37"}],"curies":[{"name":"wp","href":"https:\/\/api.w.org\/{rel}","templated":true}]}}